{"id":26,"date":"2020-04-06T08:30:20","date_gmt":"2020-04-06T08:30:20","guid":{"rendered":"https:\/\/new.vogtsche-hausverwaltung.de\/?page_id=26"},"modified":"2022-05-31T21:52:09","modified_gmt":"2022-05-31T19:52:09","slug":"facilio","status":"publish","type":"page","link":"https:\/\/vogtsche-hausverwaltung.de\/?page_id=26","title":{"rendered":"Facilioo"},"content":{"rendered":"<h1><\/h1>\n<hr \/>\n<h1 style=\"text-align: center;\">Die digitale Plattform f\u00fcr die Immobilienwirtschaft<\/h1>\n<h3 style=\"text-align: center;\">Prozessmanagement von Ablesung bis Zahlungseingang<\/h3>\n<p style=\"text-align: center;\">facilioo ist eine offene digitale Plattform, die alle Prozesse rund um die Bewirtschaftung einer Immobilie abbildet und vereinfacht. Sie steht allen Dienstleistungen und Services offen gegen\u00fcber und schlie\u00dft damit die L\u00fccke eines standardisierten und skalierbaren Prozesses sowie Serviceangebotes im Immobilienbereich. Sie dient als Erweiterung zum vorhandenen ERP-System und wird fortlaufend, am Markt orientierend, weiterentwickelt.<\/p>\n<p style=\"text-align: center;\">Facilio Login:<\/p>\n<p style=\"text-align: center;\"><a href=\"https:\/\/app.facilioo.de\/\">https:\/\/app.facilioo.de\/<\/a><\/p>\n<p style=\"text-align: center;\">Oder laden Sie sich unsere Facilio App direkt auf ihr Smartphone<\/p>\n<p><a href=\"https:\/\/apps.apple.com\/ch\/app\/vogtschehv\/id1473271574?l=en\"><img loading=\"lazy\" decoding=\"async\" class=\"wp-image-140 size-medium aligncenter\" title=\"https:\/\/apps.apple.com\/ch\/app\/vogtschehv\/id1473271574?l=en\" src=\"https:\/\/vogtsche-hausverwaltung.de\/wp-content\/uploads\/2020\/04\/pngfuel.com_-e1586240845777-300x93.png\" alt=\"\" width=\"300\" height=\"93\" srcset=\"https:\/\/vogtsche-hausverwaltung.de\/wp-content\/uploads\/2020\/04\/pngfuel.com_-e1586240845777-300x93.png 300w, https:\/\/vogtsche-hausverwaltung.de\/wp-content\/uploads\/2020\/04\/pngfuel.com_-e1586240845777.png 579w\" sizes=\"(max-width: 300px) 100vw, 300px\" \/><\/a><\/p>\n<p><a href=\"https:\/\/play.google.com\/store\/apps\/details?id=de.vogtschehausverwaltunggmbh.app333847\"><img loading=\"lazy\" decoding=\"async\" class=\"wp-image-141 size-medium aligncenter\" src=\"https:\/\/vogtsche-hausverwaltung.de\/wp-content\/uploads\/2020\/04\/pngfuel.com_-1-e1586240885559-300x109.png\" alt=\"\" width=\"300\" height=\"109\" srcset=\"https:\/\/vogtsche-hausverwaltung.de\/wp-content\/uploads\/2020\/04\/pngfuel.com_-1-e1586240885559-300x109.png 300w, https:\/\/vogtsche-hausverwaltung.de\/wp-content\/uploads\/2020\/04\/pngfuel.com_-1-e1586240885559.png 571w\" sizes=\"(max-width: 300px) 100vw, 300px\" \/><\/a><\/p>\n<p>&nbsp;<\/p>\n","protected":false},"excerpt":{"rendered":"<p>Die digitale Plattform f\u00fcr die Immobilienwirtschaft Prozessmanagement von Ablesung bis Zahlungseingang facilioo ist eine offene digitale Plattform, die alle Prozesse rund um die Bewirtschaftung einer Immobilie abbildet und vereinfacht. Sie steht allen Dienstleistungen und Services offen gegen\u00fcber und schlie\u00dft damit die L\u00fccke eines standardisierten und skalierbaren Prozesses sowie Serviceangebotes im Immobilienbereich. Sie dient als Erweiterung zum vorhandenen ERP-System und wird fortlaufend, am Markt orientierend, weiterentwickelt. Facilio Login: https:\/\/app.facilioo.de\/ Oder laden Sie sich unsere Facilio App<\/p>\n<div><a class=\"btn-filled btn\" href=\"https:\/\/vogtsche-hausverwaltung.de\/?page_id=26\" title=\"Facilioo\">Weiterlesen<\/a><\/div>\n","protected":false},"author":1,"featured_media":0,"parent":0,"menu_order":0,"comment_status":"closed","ping_status":"closed","template":"page-templates\/template-widget.php","meta":{"footnotes":""},"_links":{"self":[{"href":"https:\/\/vogtsche-hausverwaltung.de\/index.php?rest_route=\/wp\/v2\/pages\/26"}],"collection":[{"href":"https:\/\/vogtsche-hausverwaltung.de\/index.php?rest_route=\/wp\/v2\/pages"}],"about":[{"href":"https:\/\/vogtsche-hausverwaltung.de\/index.php?rest_route=\/wp\/v2\/types\/page"}],"author":[{"embeddable":true,"href":"https:\/\/vogtsche-hausverwaltung.de\/index.php?rest_route=\/wp\/v2\/users\/1"}],"replies":[{"embeddable":true,"href":"https:\/\/vogtsche-hausverwaltung.de\/index.php?rest_route=%2Fwp%2Fv2%2Fcomments&post=26"}],"version-history":[{"count":11,"href":"https:\/\/vogtsche-hausverwaltung.de\/index.php?rest_route=\/wp\/v2\/pages\/26\/revisions"}],"predecessor-version":[{"id":290,"href":"https:\/\/vogtsche-hausverwaltung.de\/index.php?rest_route=\/wp\/v2\/pages\/26\/revisions\/290"}],"wp:attachment":[{"href":"https:\/\/vogtsche-hausverwaltung.de\/index.php?rest_route=%2Fwp%2Fv2%2Fmedia&parent=26"}],"curies":[{"name":"wp","href":"https:\/\/api.w.org\/{rel}","templated":true}]}}