{"id":29,"date":"2020-04-06T08:30:20","date_gmt":"2020-04-06T08:30:20","guid":{"rendered":"https:\/\/new.vogtsche-hausverwaltung.de\/?page_id=29"},"modified":"2025-07-21T05:51:51","modified_gmt":"2025-07-21T03:51:51","slug":"impressum","status":"publish","type":"page","link":"https:\/\/vogtsche-hausverwaltung.de\/?page_id=29","title":{"rendered":"Impressum"},"content":{"rendered":"<p>&nbsp;<\/p>\n<hr \/>\n<h3><strong><br \/>\n<span style=\"color: #000000;\">Vogt\u00b4sche-Hausverwaltung GmbH<\/span><\/strong><\/h3>\n<p><span style=\"color: #000000;\">Telefon: 0 97 21 \/ 64 61 160<\/span><br \/>\n<span style=\"color: #000000;\">Telefax: 0 97 21 \/ 64 61 170<\/span><\/p>\n<p><span style=\"color: #000000;\">Anschrift: Siebenbr\u00fcckleinsgasse 8, 97421 Schweinfurt<\/span><\/p>\n<p><span style=\"color: #000000;\">Handelsregister \u2013 Amtsgericht Schweinfurt HRB 7083<\/span><\/p>\n<p><span style=\"color: #000000;\">Aufsichtsbeh\u00f6rden<\/span><\/p>\n<p><span style=\"color: #000000;\">IHK M\u00fcnchen und Oberbayern<\/span><\/p>\n<p><span style=\"color: #000000;\">Max-Joseph-Stra\u00dfe 2<\/span><\/p>\n<p><span style=\"color: #000000;\">80333 M\u00fcnchen<\/span><\/p>\n<p><span style=\"color: #000000;\">Gesch\u00e4ftsf\u00fchrer \/ Inhaltlicher Verantwortlicher<\/span><\/p>\n<p><span style=\"color: #000000;\">J\u00fcrgen Vogt<\/span><\/p>\n<p><span style=\"color: #000000;\">Steuer Nr.: 249\/141\/60266<\/span><\/p>\n<p><span style=\"color: #000000;\">E-Mail: info@vogtsche-hausverwaltung.de<\/span><\/p>\n<p><span style=\"color: #000000;\">Webseite: www.vogtsche-hausverwaltung.de<\/span><\/p>\n<p>&nbsp;<\/p>\n<hr \/>\n<p>&nbsp;<\/p>\n","protected":false},"excerpt":{"rendered":"<p>&nbsp; Vogt\u00b4sche-Hausverwaltung GmbH Telefon: 0 97 21 \/ 64 61 160 Telefax: 0 97 21 \/ 64 61 170 Anschrift: Siebenbr\u00fcckleinsgasse 8, 97421 Schweinfurt Handelsregister \u2013 Amtsgericht Schweinfurt HRB 7083 Aufsichtsbeh\u00f6rden IHK M\u00fcnchen und Oberbayern Max-Joseph-Stra\u00dfe 2 80333 M\u00fcnchen Gesch\u00e4ftsf\u00fchrer \/ Inhaltlicher Verantwortlicher J\u00fcrgen Vogt Steuer Nr.: 249\/141\/60266 E-Mail: info@vogtsche-hausverwaltung.de Webseite: www.vogtsche-hausverwaltung.de &nbsp; &nbsp;<\/p>\n","protected":false},"author":1,"featured_media":0,"parent":0,"menu_order":0,"comment_status":"closed","ping_status":"closed","template":"page-templates\/template-widget.php","meta":{"footnotes":""},"_links":{"self":[{"href":"https:\/\/vogtsche-hausverwaltung.de\/index.php?rest_route=\/wp\/v2\/pages\/29"}],"collection":[{"href":"https:\/\/vogtsche-hausverwaltung.de\/index.php?rest_route=\/wp\/v2\/pages"}],"about":[{"href":"https:\/\/vogtsche-hausverwaltung.de\/index.php?rest_route=\/wp\/v2\/types\/page"}],"author":[{"embeddable":true,"href":"https:\/\/vogtsche-hausverwaltung.de\/index.php?rest_route=\/wp\/v2\/users\/1"}],"replies":[{"embeddable":true,"href":"https:\/\/vogtsche-hausverwaltung.de\/index.php?rest_route=%2Fwp%2Fv2%2Fcomments&post=29"}],"version-history":[{"count":7,"href":"https:\/\/vogtsche-hausverwaltung.de\/index.php?rest_route=\/wp\/v2\/pages\/29\/revisions"}],"predecessor-version":[{"id":296,"href":"https:\/\/vogtsche-hausverwaltung.de\/index.php?rest_route=\/wp\/v2\/pages\/29\/revisions\/296"}],"wp:attachment":[{"href":"https:\/\/vogtsche-hausverwaltung.de\/index.php?rest_route=%2Fwp%2Fv2%2Fmedia&parent=29"}],"curies":[{"name":"wp","href":"https:\/\/api.w.org\/{rel}","templated":true}]}}